be l(-2). Is h*(472/16 - 1/2) prime?
False
Suppose -5 = 40*o - 125. Let i(g) = 2533*g**2 - 4*g + 4. Is i(o) composite?
True
Suppose 30*r + 5*r - 8342896 = 19*r. Is r composite?
True
Let a = 6 + 1. Suppose -4*z + 3564 = -4*y, -3160 = -5*z - 3*y + 1303. Suppose 3*q + z = a*q. Is q composite?
False
Let n = -3322 + 5338. Suppose -p = x - n, -3*p + 2*x + 4036 = -p. Is p composite?
False
Let g be 0/1 + (5 - -2) - -2. Let f be (-7360)/g + (-1)/(18/4). Is (-1 - f/(-4))*12/(-9) prime?
False
Suppose 3*u - 2*q - 182243 = 0, 5*q - 22 = -12. Is u composite?
True
Let f(c) = 19*c + 75*c + 167*c + 10 + 106*c. Is f(3) prime?
False
Let l(y) = 0 - 2 + 2*y**2 + 14*y**3 - 6*y + 13*y - 4*y**3. Let o be l(4). Suppose -7*q + n + o = -2*q, 272 = 2*q + 2*n. Is q prime?
True
Let j(m) = 208*m**2 + 6*m + 27. Is j(-8) a prime number?
True
Let i(z) = 87*z - 161. Let s be i(19). Let j = 13091 - s. Is j a prime number?
False
Suppose -57972 = -6*p - 12*q + 15*q, -3*p + 5*q = -28965. Is p prime?
False
Let b(c) = c**2 - 8*c - 1. Let f be b(9). Suppose -h - h = -f. Is 1/(h - 735/185) a composite number?
False
Let o = -21744 + 30463. Let g = -5484 + o. Is g a prime number?
False
Let i be (-4 - -1) + -2*70/(-28). Suppose -7440 = -2*t + i*b, -1530 = t + b - 5248. Is t composite?
False
Suppose 113*s - 154529 = 33*s + 1190351. Is s composite?
False
Let d(m) = 414*m**3 + 3*m - 1. Let y be d(2). Let u = 7512 - y. Is u a composite number?
True
Let f(j) = -26*j**2 - 43*j - 3. Let b be f(-6). Let l = b + 1868. Is l a prime number?
True
Let g be 66/(-363) + 17301/(-11). Let r = g - -2646. Is r a composite number?
True
Suppose 13 = -5*s + 53. Let p(i) = -23*i - 2. Let a be p(s). Let k = -103 - a. Is k prime?
True
Suppose -4*q - 19 = -2*y - 9*q, q = 4*y - 5. Suppose y*b + 5*f - 13518 = 0, 3*b - 30295 + 10004 = -4*f. Is b a composite number?
True
Suppose 4*i = 5395 + 777. Is i prime?
True
Let h(f) = f + 3. Let y be h(-1). Let l(q) = -11*q**y + 3 + 26*q - 9 + 10*q**2. Is l(15) composite?
True
Let z = 274 - 254. Suppose -z*x + 33246 = -11*x. Is x prime?
False
Let s = -51341 - -134644. Is s composite?
True
Let v be (8 + 192/(-28))/((-2)/(-7)). Suppose 4*u + d + 18 = 0, 0 = -4*u + v*d + 1 - 9. Is (802/u)/(4/(-8)) a prime number?
True
Suppose c + 450 = -8*c. Let q = c - -685. Is 1/1*q - (-2 - -2) prime?
False
Let a(y) = y**2 + y - 20. Let b be a(0). Let d(g) = g**3 + 20*g**2 - 3*g + 18. Let k be d(b). Let w = k + 1073. Is w composite?
False
Let q = 1052 + -460. Suppose -63316 = -12*v - q. Is v a composite number?
False
Let f(p) = p. Let h be f(2). Suppose 0 = -4*z + b + 5, 4*b + 6 = -2*z - 14. Suppose -h*q + 138 = -z*q. Is q a prime number?
False
Suppose -4*w = 5*i - 173351, -3*i - 17*w + 14*w + 104013 = 0. Is i a prime number?
True
Suppose 14*m = 8*m + 471900. Is m/4 - (-33)/(-22) a composite number?
False
Suppose 0 = 5*h + 5*f - 297460, -2*f + 73664 - 14171 = h. Suppose -4*k + n + n = -237946, k - h = 2*n. Is k prime?
False
Suppose -8*q = -608 - 24. Let z = -74 + q. Suppose -2*x - j = -9818, -24545 = -5*x - j + z*j. Is x a composite number?
False
Suppose 11*o - 18*o = 7. Is -10828*(o - 0)/4 prime?
True
Let j(i) = 26862*i**3 + 25*i**2 - 26*i. Is j(1) a composite number?
False
Let v(l) = -2737*l + 1028. Is v(-18) composite?
True
Let h(d) = -d**2 + 11*d + 4. Let u be h(8). Suppose 3*a + 4*p - 14 = 0, -5*a + 6*p = 9*p - 16. Suppose i - 33 = a*v + u, -3*i + 171 = -3*v. Is i composite?
False
Let o be 22/55*-5 - (-7 - -2). Suppose -3*t + 2*s + 19340 = -35165, -o*s = -3*t + 54507. Is t composite?
True
Suppose 0 = 1238*o - 1237*o + 3*w - 451984, -5*o = -6*w - 2259773. Is o prime?
False
Let c be (-5 + (-112002)/(-12))*4. Let z = -15457 + c. Is z prime?
False
Suppose 2*j = -j - 3*j. Let n(y) = 2*y**2 + 1219. Is n(j) prime?
False
Is (-2361113)/(-119) + (-14)/49 a composite number?
False
Let k = 3994 - 2877. Is k a composite number?
False
Let v(b) = 1623*b + 116. Let w be v(36). Is ((-3)/2)/(3 + (-175656)/w) prime?
True
Suppose 3*b + 23*b + 357905 = g, 3*g = b + 1074254. Is g a prime number?
False
Let x be ((-153)/6 - -2)*(-5 - -3). Suppose 0 = -n - x + 42. Let u(q) = -7*q**3 + 2*q**2 - 3*q + 13. Is u(n) a composite number?
False
Suppose -5*r + 4*i + 129567 + 32688 = 0, 3*r - 97390 = -5*i. Is r composite?
True
Let l = 721 - 711. Let i(s) = 5*s**2 - 1 + 4*s**2 - 4*s - 5*s. Is i(l) prime?
True
Let f(c) = 12 + c**2 + 7*c - 5*c - 10*c. Let r be f(4). Let s(w) = -819*w - 7. Is s(r) a prime number?
False
Let t be ((-2060)/50)/(1/(-90)). Suppose -2*y = -3*y + t. Suppose -y = -8*f - 1060. Is f a prime number?
True
Suppose 0 = -5*q + 2*k + 31868, q - 3*k - 5677 - 694 = 0. Suppose s - 3*o = 1688, -4*s = 5*o - q - 293. Let g = s + -600. Is g a composite number?
True
Suppose a + 4*g = -2*a + 144, g - 223 = -5*a. Suppose 59350 = -a*x + 54*x. Is x a prime number?
False
Suppose -2*s + 4 = 3*z, -2*z = -z + s. Suppose -2*t + 632 = -f, -4*f - 1916 = -f + z*t. Let d = f - -1033. Is d composite?
False
Is (4 - 8)/1*(-10161665)/68 a prime number?
False
Suppose 0 = 3*z - 3*t - 166557, -4*z + 9536 = -t - 212552. Is z composite?
True
Let v(b) be the first derivative of 5*b**3 - 65*b**2/2 + 31*b - 61. Is v(30) composite?
True
Suppose 37833926 = -285*h + 311*h. Is h composite?
False
Suppose 142*g = -323*g + 66070455. Is g a composite number?
True
Let q = 72 + -82. Let t be (2 + -2)*-1 + q + 121. Suppose -t*h = -116*h + 395. Is h prime?
True
Suppose 4442475 = 19*b - 3699196. Is b prime?
True
Suppose -26*c + 28*c = 6. Suppose 924 - 2853 = -c*d. Let v = 921 - d. Is v prime?
False
Let m(g) = 138*g + 58. Let v be m(-10). Let f = 5989 + v. Is f composite?
True
Let t = 184760 - -130277. Is t prime?
True
Let l be (3195/(-1) - -1)*-1. Suppose -17*c = -1073 - l. Is c composite?
False
Suppose -3*n + 17 = 5. Let s be (11 + -16)/((-10)/n). Suppose -2*d + 212 = -s*j, 6*j + 308 = 3*d + j. Is d a prime number?
False
Let v(d) = -358*d - 84. Let l(j) = -116*j - 25. Let s(h) = 115*h + 24. Let y(k) = 4*l(k) + 3*s(k). Let q(i) = -2*v(i) + 7*y(i). Is q(-5) prime?
True
Suppose 91*g = 95*g - 123176. Suppose g = 35*o - 33*o. Is o a prime number?
False
Let s = 826684 + -459563. Is s a composite number?
False
Let p = 18556 + -8523. Is p prime?
False
Let p(l) = -503*l - 136. Let t(k) = k**3 - 23*k**2 - 48*k - 60. Let h be t(25). Is p(h) a composite number?
True
Suppose -10*q + 296636 - 9371 = -112525. Is q composite?
False
Let c = 7459 + 19132. Is c a prime number?
True
Is (-1)/(-2)*-4*(-13)/(78/365421) a composite number?
True
Let c(v) be the first derivative of 11*v**2 - 59*v + 25. Is c(24) a prime number?
False
Let c(q) = 161562*q - 1963. Is c(8) a prime number?
True
Let r(c) = 5*c**2 + 38*c**3 + 10*c - 2*c**2 + 0*c - 39*c**3. Let i be r(5). Suppose 2*h - 27 = 3*f - 2244, i = -f + 3*h + 739. Is f composite?
False
Suppose 0 = -2*d - 4*j - 56, -17*d + 5*j = -22*d - 145. Is (15/d)/(3/(-1746)) a composite number?
True
Is (-40)/140 + (-8384850)/(-42) prime?
False
Let w be (117/(-52))/(3/(-6024)). Let t = -2717 + w. Is t a prime number?
True
Suppose -t + 5*k = -49429, 7*t - 2*k = 11*t - 197716. Is t a prime number?
True
Suppose 5*r - 35129 - 24881 = -5*n, 0 = 4*n + 20. Is r prime?
True
Let l(h) = h**3 - 18*h**2 + 33*h - 13. Let t be l(16). Suppose i - a + t*a - 8327 = 0, -4*i - a = -33315. Is i composite?
False
Let p be 51/9 - (70/21)/5. Suppose -2*k + 9156 + 7082 = -4*d, 5*d = -p*k + 40580. Is k a composite number?
False
Let s be (((-15)/6)/(-5))/(12/(-24)). Is (-1 - 1366)*1*1/s prime?
True
Let b be (-98)/35 + (-2)/10. Let i be (b/2)/((-9)/1524). Suppose -4*f + i + 254 = 0. Is f composite?
False
Suppose t - 2*j - 339130 = -89, 4*j = 5*t - 1695229. Is t prime?
True
Suppose -9*c + 5*c = -3*z + 1718037, -2*z = -3*c - 1145357. Is z prime?
True
Let l = 96 + -58. Is (4 + l/(-4))*-142 prime?
False
Let p be (-1)/((-5)/(-20)) - -2. Let w be 7*((p - -3) + -2). Is (-28 - w)*61/(-3) prime?
False
Let c = 241 + -224. Suppose -11626 = -c*j - 2429. Is j a composite number?
False
Suppose -8 = 18*f - 22*f. Is (f/1)/(((-42)/(-2595))/7) prime?
False
Let u = -18381 + 130042. Is u a composite number?
True
Let f be (-2)/(-1) + -4 - -9. Let o(k) = 62*k + 74*k + f - 33*k. Is o(4) a composite number?
False
Let h(t) = -4*t - 35. Let b be h(-10). Let j be (-2)/4 - b/(20/(-46)). Let g(v) 